 11. Let m be 21*(1 - v/(-6)). Give h(m).
-25
Suppose -2*z = 4*p + 2*z - 80, 0 = 2*p + 4*z - 40. Suppose l = -14 + p. Let q(h) = h. What is q(l)?
6
Let t(h) be the first derivative of h**3/3 - 3*h**2 + 6*h - 11. Let s = 141 + -136. Give t(s).
1
Let w(l) = l**2 - 7*l + 11. Let y(f) = -f**2 + 6. Let k be y(0). Determine w(k).
5
Let m(h) = -h**2 - 11*h - 5. Let j(y) = -60*y + 109. Let p be j(2). Calculate m(p).
-5
Suppose 5*t + 126 = 3*h, 0*h + 34 = h + t. Let u = h + -29. Let w(d) = -d**3 + 7*d**2 + 6*d - 1. What is w(u)?
-17
Suppose s + 3*d - 7*d = -18, -5*d + 19 = -3*s. Let w(b) be the first derivative of b - 3 + 3/2*b**s - 1/3*b**3. Determine w(3).
1
Let f be -2*((-10)/(-70) - 8/7). Let o(p) = 36*p**2 - 11*p**2 + 3*p - 16*p**2 - 13*p**f - p**3 - 3. Suppose 4*c + d = -23, 0*c = c - 5*d - 10. What is o(c)?
7
Let h(a) be the second derivative of a**6/120 + 7*a**5/60 + a**4/6 - a**3/2 - 7*a**2 - 31*a. Let d(c) be the first derivative of h(c). Calculate d(-6).
9
Suppose 0 = b - 5*p - 14, 0*p - 14 = -2*b + 3*p. Let g(f) = -b + 22*f + 0 - 25*f. Give g(-5).
11
Suppose 34*f = 16*f - 126. Let y(b) = -b**3 - 6*b**2 + 9*b + 16. Give y(f).
2
Let w be (9/(-15) - 4/10)*5. Let s(d) = -6*d**2 - 10*d + 7. Let h(y) = y**2 + y. Let r(m) = -5*h(m) - s(m). Give r(w).
-7
Suppose w - 5*p = -4 + 1, -2*p = 2*w - 6. Suppose w*l - 5*l = -12. Let i(r) = -1 - 6*r + 0 + 6 - l. Give i(1).
-5
Suppose -v - 7 = 3*f, 2*v - 5*f = -3*v + 45. Suppose -45 = v*r - 10*r. Let p(o) = -o**2 + 9*o - 9. What is p(r)?
-9
Let g(q) = -q**2 + 17*q - 30. Let u be g(10). Suppose -5*n - 5*n = -u. Let t(o) = -o**2 + 5*o + 1. Determine t(n).
5
Let z(y) = y + 5. Let c(w) = -3*w - 9. Let q(k) = 3*k + 13. Let r be q(-5). Let t(v) = r*c(v) - 5*z(v). Calculate t(5).
-2
Let g(k) = -k**3 - 2*k**2 + 5*k + 4. Let j(d) = -d**2 + d + 1. Let l be ((-36)/(-24))/((-2)/(-8)*6). Let r(s) = l*g(s) - 5*j(s). Determine r(3).
-1
Let o(d) = d + 7. Suppose -24*n + 22*n + 14 = 0. Let c be 1/((-8)/n + 1). Determine o(c).
0
Suppose 5*p + 30 = 6*s - 11*s, p - 2*s + 6 = 0. Let h(j) = -j - 3. What is h(p)?
3
Let t(n) = n - 2. Let v(x) be the second derivative of 0 - 6*x - 5/6*x**3 - 1/2*x**2. Let o be v(-1). Give t(o).
2
Suppose -s + 3 = -2. Let z(y) = -3*y + 13. Let r(u) = -4*u + 14. Suppose -i + 0 = -3. Let g(k) = i*z(k) - 2*r(k). Determine g(s).
6
Let r(g) be the second derivative of g**3/6 + 2*g**2 + 9*g. Let w = -70 + 67. Calculate r(w).
1
Let s(t) = t**3 - 4*t**2 + 2*t + 1. Suppose 17*i - 6 = 15*i. Calculate s(i).
-2
Let o(y) = -7*y - 118. Let r(c) = 7*c + 140. Let f(t) = 6*o(t) + 5*r(t). Determine f(-3).
13
Let f(z) = 5*z**2 - 5*z + 3. Let x be (-3)/(6 + (7 - 14)). Determine f(x).
33
Let x(s) = s**3 + 6*s**2 + 7*s + 12. Let n be x(-5). Suppose n*v = -2*f + 4, f + 3*v - 14 = -4. Let w(c) = -c**3 - 2 + 4*c + 4 - 2*c. Calculate w(f).
6
Let x(v) be the first derivative of -v**4/4 - 11*v**3/3 - 9*v**2/2 - 4*v + 266. Give x(-10).
-14
Let i(t) = -t**3 + 3*t**2 + 6*t**2 + 3 + 4*t + 6*t. Calculate i(10).
3
Let c(f) be the first derivative of f**2 + 2*f + 34. Let k be -3*(-8)/12 - -1. What is c(k)?
8
Let d be (-16)/6 + 4/6. Let q = 24 - 21. Let p(t) = 3*t + 1 + 0*t - q*t + 2*t. Calculate p(d).
-3
Let p(z) = z**2 - 16*z + 32. Let t be 532/(-114)*(-1 - 2). What is p(t)?
4
Let s(z) = -10*z**2 + 37*z**3 + 11*z**2 - 38*z**3. What is s(-1)?
2
Let a = 250 - 249. Let w(h) = 9*h**2 + h - 1. Determine w(a).
9
Let g(x) = -2*x + 31. Let s = -544 + 550. Give g(s).
19
Let x(o) = -o**3 + 2*o**2 + o. Suppose -w - 1 + 3 = 0. Let s be 0/w + (-2)/(-1). Suppose -2*i = -s*r - 12, r - 2*i + 22 = 3*i. Give x(r).
14
Let x(z) be the second derivative of z**4/12 + z**3/2 + 2*z**2 - 140*z. What is x(3)?
22
Let b be 2*(-1)/(-2) + 0. Let h(l) = 22*l**3 - 4*l**2 + 4*l. Let f(u) = 5*u**3 - u**2 + u. Let m(g) = 17*f(g) - 4*h(g). Determine m(b).
-3
Let g(a) = -2*a**3 + 7*a**2 - 7. Let q(c) = c**2 - 1. Let w(o) = g(o) - 6*q(o). Suppose -j - j + b - 4 = 0, j - 4*b + 9 = 0. What is w(j)?
2
Let j(h) = -5*h**2 - h + 1. Let d(t) = -t + 9. Let n be d(6). Suppose -p = 12 - n. Let x be ((-1)/4)/(p/36). Determine j(x).
-5
Suppose 34*y - 2 = 35*y. Suppose 0 = -3*h + 3*b + 303, -b = h + 2*b - 121. Let p(x) = h - 106 + x - 2*x**3 - x**2. Calculate p(y).
10
Let y(w) = -w - 1. Let o(m) = -3*m - 1. Let p(q) = -o(q) - 2*y(q). Let n = 6 + -12. Let h(r) = 4*r + 3. Let s(k) = n*h(k) + 5*p(k). Give s(4).
1
Let q be (-5)/(-10)*-4 - -8. Suppose 11*d + 40 = q*d. Let c(t) = t**3 + 9*t**2 + 8*t. What is c(d)?
0
Suppose -136 + 52 = -28*v. Let s(k) = 7 + 0 + 5*k - 3 - k**2 - 4*k. What is s(v)?
-2
Let u be (-4)/14 - 888/(-21). Suppose -u*q = -34*q + 24. Let f(z) = -z - 6. Calculate f(q).
-3
Let i(z) = -z**3 - 4*z**2 - 4*z - 1. Let l(t) = -4*t. Let o be l(1). Let m(a) be the first derivative of a**2/2 + a + 4. Let y be m(o). Determine i(y).
2
Let d(t) = 2*t - 17. Let w be d(16). Let j(g) = 18*g + w*g - 28*g. Determine j(-1).
-5
Let p be 18/72 - 43*(-2)/8. Let c(q) = 4*q**2 + 10*q + 6. Let w(v) = 21*v**2 + 50*v + 30. Let n(t) = p*c(t) - 2*w(t). Give n(-6).
18
Let y be 2/11 - 9/((-99)/119). Let a(r) = -r + 14. Give a(y).
3
Suppose 0 = 4*p + 1 - 53. Let k(a) = -a**3 + 12*a**2 + 12*a + 9. Determine k(p).
-4
Suppose -27*w + 43 + 65 = 0. Let r(x) = x**3 - 6*x**2 + x + 5. Give r(w).
-23
Let h(y) = -2*y - 1. Let u = 15 + -16. Let z be u - -1 - (-3 - 0). Suppose 3*r + z*s = 7*s - 1, -r + 2*s = 1. Determine h(r).
-3
Let d(v) = -21 + v**2 + 70 + 4*v - 2*v - 19*v. Determine d(13).
-3
Let d(t) = t - 16 + 39 - 26. Let l(v) = v - 1. Let s(o) = d(o) - 2*l(o). Let z be (0/(-2))/(2 - 1). Calculate s(z).
-1
Let l(a) be the first derivative of a**2 + 5*a + 15. Let n(b) = b + 3. Let i(s) = -2*l(s) + 5*n(s). Suppose 0 = -9*u + 4*u - 30. Determine i(u).
-1
Let m(b) = -b**2 - 12*b - 6. Let f(s) = 12*s + 3 - 11*s**2 + 10*s + 3*s**3 - 21*s. Let i be f(3). What is m(i)?
-6
Let k(j) = 3*j + 4 + 3*j + j**3 + 2*j**2 - 8*j**2 - 2. Determine k(5).
7
Let h(t) = 2*t**3 + t**2 + t + 2. Suppose 18 + 54 = 4*c. Suppose 0 = 3*a - p + 1, -3*p = -2*a + 2*p - c. Let z be 3 + (-5)/a + 0. Determine h(z).
-12
Let t(v) = -9*v**2 - 2*v - 2. Suppose -8*b = 15 - 7. Determine t(b).
-9
Let i(b) = -2*b + b**2 - 6*b**3 + 0*b**3 + 2*b**3 + 2*b**3 + 0*b**3. Let t be (1 - 2)*(0 + 2). Determine i(t).
24
Suppose -13 - 11 = 2*c + 5*y, 3*c = 5*y - 86. Let r = c - -22. Let d(p) = -3*p - 378*p**2 + 377*p**2 + 6 + 2*p. Determine d(r).
6
Let s(b) = b - 1. Let f(h) = 8*h - 6. Let r(o) = -f(o) + 5*s(o). What is r(-1)?
4
Let o(k) = k**3 + k**2 - k - 15. Let f = 19 - 19. Determine o(f).
-15
Let o be (-5)/(-10) + (-1 - (-22)/4). Let l(z) be the first derivative of -o + 1/2*z**2 + 11*z. Give l(-5).
6
Let b = -87 + 90. Let n(s) = 55*s**2 - s**b - 4 - 30*s**2 - 29*s**2 - 3*s. Determine n(-4).
8
Let s(k) = k + 10. Suppose 8*b + 83 = -5*l, 4 = -l - 3*b - 7. What is s(l)?
-13
Let b(x) = -x**2 - 4*x. Suppose 0 = -2*c - 4*z + 18, -2*c - z + 11 + 10 = 0. Suppose -5*m = -2*g - 7, g - 3*g - m = -c. Suppose g*p = -7 - 9. Determine b(p).
0
Let m(g) = -g**2 - g + 1. Let a(d) = -20*d**3 + 2*d + 5. Let j(q) = -a(q) + 2*m(q). Determine j(-1).
-21
Let v(c) = -c**3 - 5*c**2 + 16*c + 8. Suppose 2*k = 35*s - 32*s - 26, 0 = 4*s - 16. Give v(k).
-6
Let t(x) = x**3 - 6*x**2 - 9*x - 2. Suppose 9 = -2*l + 4*c + 3, 0 = -5*l - c + 40. Calculate t(l).
-16
Suppose -2*k - 2*u = 4, -u - 3 = -3*k - 5. Let d(s) = s**2 + 2*s + 1. Calculate d(k).
0
Let b(c) = c - 6. Suppose 8*g + 30 = -2. Give b(g).
-10
Let l be ((-6)/1 + 3)/((-27)/(-45)). Let u(r) = r**2 + 9*r + 23. What is u(l)?
3
Let v(n) = -5*n - 7. Let t(m) = -7*m - 9. Let g(a) = 3*t(a) - 4*v(a). Calculate g(5).
-4
Let c(g) = 4*g - 7. Suppose 3*b + 6 = -4*z, -3*b - 4 + 19 = -3*z. Determine c(b).
1
Suppose 0 = 3*j - 2*r + 42, 6*r - 11*r = 0. Let v(t) = -t**3 - 15*t**2 - 16*t - 21. Give v(j).
7
Suppose -5*u + 11 = -9. Suppose -a = 10 - u. Let b(k) = k**3 + 6*k**2 + 3*k - 3. Let h(v) = -v**3 - 6*v**2 - 4*v + 4. Let m(f) = -3*b(f) - 2*h(f). Give m(a).
7
Let w(m) = -10 - m - m + m**2 + 0*m**2 - 2*m - 7*m. Calculate w(9).
-28
Let b(n) = -6*n - 57. Let t be b(-10). Let o(v) = -v**3 + 4*v**2 + 2*v - 4. Let a be o(4). Let f(s) = 2*s**2 - 3*s**2 - a*s + 2*s**2 - 1. Calculate f(t).
-4
Let t(y) = 70 + y**2 - 5*y - 46 - 34. Give t(7).
4
Suppose 